mainder when q is divided by w(-6).
7
Let m(w) = -w + 11. Calculate the remainder when 12 is divided by m(4).
5
Let u(v) = -9*v**3 - 2*v - 2. Let c = 73 + -38. Calculate the remainder when c is divided by u(-1).
8
Let t = 0 + 7. Let r(i) = 3*i - 4. Suppose -3*h + 0*a + 94 = -a, 26 = h - 3*a. Calculate the remainder when h is divided by r(t).
15
Let w(i) = -1 - 4*i + 2*i - 3. Let o = 8 + -5. Calculate the remainder when w(-6) is divided by o.
2
Suppose -48 = -3*x + 3. Suppose z - 7 = x. Let g(l) = l**2 - 3*l + 3. Calculate the remainder when z is divided by g(5).
11
Suppose 4*z - 20 = 56. Let i(v) = -v**3 - v**2 + 4*v + 4. Calculate the remainder when z is divided by i(-3).
9
Calculate the remainder when 0 + -1 - -8*7 is divided by 14.
13
Suppose 4*v - 2*o - 30 = 0, -o = 3*v + 3 - 23. Calculate the remainder when v is divided by 3.
1
What is the remainder when 36 is divided by ((-1)/(-2))/((-4)/960*-8)?
6
Let p(f) be the second derivative of f**3 + 0 - 1/2*f**2 + f + 1/12*f**4. What is the remainder when 11 is divided by p(-7)?
5
Let m(j) = j**2 + 2*j + 40. Calculate the remainder when m(0) is divided by 15.
10
Suppose t = -t - 4. What is the remainder when -6 - -3 - (t - 20) is divided by 7?
5
Suppose 0 = 10*c - 14*c + 64. What is the remainder when 27 is divided by c?
11
Let r(c) = -61*c + 1. Let h be r(-1). Let z be h/(-8) + (-4)/16. Let x = 25 + z. What is the remainder when 50 is divided by x?
16
Let h = 93 + -31. Suppose 3*r + 24 = 3*b, 4*b + 2*r - h = -0*r. Calculate the remainder when b is divided by 7.
6
Let z = 15 - 6. Calculate the remainder when 28 is divided by ((-3)/z)/((-1)/45).
13
Suppose -4*d - 36 = -7*d. What is the remainder when 22 is divided by d?
10
Let p(g) = g**2 + 10*g + 7. Suppose -n - 2 = 0, 2*k = -k - 3*n - 36. What is the remainder when p(k) is divided by 2?
1
Calculate the remainder when 0/((-15)/5) - -2 is divided by (-3)/(-2) - 3/6.
0
Suppose 55 = 6*n - 11. Let i be (3/(-2))/((-2)/(-8)). Let x = i + n. What is the remainder when x is divided by 3?
2
Suppose -5*x + 89 = 2*l, 4*x - 3*l - 2*l - 91 = 0. Calculate the remainder when 55 is divided by x.
17
Let n(r) = 5 - 1 - 1 - 2*r. Suppose 27 - 7 = -4*g - 3*q, 3*g = 4*q - 15. What is the remainder when n(g) is divided by 7?
6
Suppose -3*w = 3*z - 18, -w - 2 = 3*z - 12. Suppose -z*j - 3*d + 27 = -17, -5*j + d = -76. What is the remainder when 46 is divided by j?
14
Let h(x) = 3*x + 8. What is the remainder when 13 is divided by h(-2)?
1
Suppose 5*p + 3 = -2*s, 3*p = -3*s + 8 + 1. Suppose v - 5 - 6 = 0. What is the remainder when v is divided by s?
5
Let g be -2 - -15 - (1 - 1). Suppose -g = f - 2*f. What is the remainder when 37 is divided by f?
11
Let w = -23 - -59. Let f = w + -19. Calculate the remainder when f is divided by 6.
5
Suppose 62 = 4*i - 130. Calculate the remainder when i is divided by (75/(-6))/(2/(-4)).
23
Suppose -7*n + 92 = -3*n. What is the remainder when n is divided by 12?
11
What is the remainder when 45 - 4/(-4)*3 is divided by 17?
14
Let n = 13 - 8. What is the remainder when 19 is divided by n?
4
Let u(o) = 9*o**2 - 1. What is the remainder when -3 - 25*(-2)/2 is divided by u(1)?
6
Let m(v) = v - 8. Calculate the remainder when 19 is divided by m(11).
1
Let z be -2 + 2 - 12/1. What is the remainder when 55 is divided by (152/z)/(4/(-6))?
17
Suppose -4 + 2 = -s. Let j = -34 + 39. Calculate the remainder when j is divided by s.
1
Let s = -3 - -3. Suppose 2 = c - s. Suppose -c*n + 29 + 33 = 0. Calculate the remainder when n is divided by 11.
9
What is the remainder when (-9)/(81/(-2)) - (-1267)/9 is divided by 24?
21
Let p(q) = q**3 + 6*q**2 - q - 4. Let t be p(-6). Let n be 2*(7/t - 2). What is the remainder when 21 is divided by n*1*(-11)/(-3)?
10
Calculate the remainder when (-3)/9 - 22/(-3) is divided by 3.
1
What is the remainder when 83 is divided by (19 - 48)*(1 + (-3 - -1))?
25
Suppose -8*s = -0*s - 168. Calculate the remainder when 40 is divided by s.
19
Suppose u + 15 = -4*u. Let r = u - -6. What is the remainder when (9 - 8 - -2)*1 is divided by r?
0
Let b = -2 - -7. Let h = b + -4. Calculate the remainder when 3 is divided by h.
0
Suppose 2*t + 4*q = 4*t - 16, 4*t - q - 18 = 0. What is the remainder when 14 is divided by t?
2
Suppose 4*b - 24 = -3*v, 3*v - 2 = 10. What is the remainder when 16 is divided by b?
1
Let r(w) = w**3 - 5*w**2 + 2*w - 4. Let f be r(5). Suppose -10 - 2 = -3*q. What is the remainder when 6 is divided by ((-16)/(-6))/(q/f)?
2
What is the remainder when 9 is divided by 2 + -4 - (-2 + -5)?
4
Suppose -5*x - 16 = 3*p - 7*p, 0 = -5*x. What is the remainder when 18 is divided by 1*(-1 + 0) + p?
0
Let t = 3 - 1. Suppose n - 18 = -t*n. Calculate the remainder when 10 is divided by n.
4
Let o = -18 - -23. Calculate the remainder when 14 is divided by o.
4
Let r(k) = k + 6. Let b be r(-6). Let g(x) = -x**3 + x**2 + x + 14. Calculate the remainder when 39 is divided by g(b).
11
Let u = -30 + 75. Let f = u - 20. Let p(d) = -d + 2. Calculate the remainder when f is divided by p(-5).
4
Let s be (4 + -2)*14/4. Suppose -4*l + s*l = 60. What is the remainder when 58 is divided by l?
18
Suppose 16 = 5*n + k, 2*n - 3*k + 7*k + 8 = 0. What is the remainder when 5 is divided by n?
1
Let a = -9 - -5. Let y be 52/20 + a/(-10). Suppose -f + 21 - y = 0. What is the remainder when 53 is divided by f?
17
Let u(k) = k**2 + 6*k + 12. Calculate the remainder when 109 is divided by u(-8).
25
Let b = 26 - 20. Calculate the remainder when 15 is divided by b.
3
Let n(d) = -d**2 - 19*d - 32. Calculate the remainder when 113 is divided by n(-14).
37
Let i(u) = -u**2 - 11*u + 16. Calculate the remainder when 6 is divided by i(-12).
2
Let x(v) = -v - 1. Let f(i) = -18*i - 12. Let g(l) = -f(l) + 10*x(l). Calculate the remainder when g(3) is divided by 9.
8
Let i = 12 + -16. Let c(w) = 2*w + 3 - 2 + 3 + w**2. Calculate the remainder when 35 is divided by c(i).
11
Let c(w) = 19*w**3 + 2*w**2 - 2*w + 1. Calculate the remainder when 76 is divided by c(1).
16
Let j(d) = d**3 - 6*d**2 + 4*d + 4. What is the remainder when j(6) is divided by 10?
8
Let b(i) = -i**3 + 3*i**2 + 17*i - 27. What is the remainder when 78 is divided by b(5)?
6
Suppose 2*f - 4 = -0. Let y(t) = t + 1. What is the remainder when 26/(f + -1 + 1) is divided by y(6)?
6
Let k = 15 - 3. Let a(b) = -4*b**3 + 2*b**2 + 3*b + 1. Calculate the remainder when a(-2) is divided by k.
11
Suppose 280 = 14*m + 70. Let w(x) = -x**3 + 8*x**2 - 7*x + 6. Calculate the remainder when m is divided by w(7).
3
Let l(t) = t**3 + t**2 - 9*t - 2. Let j be l(7). Suppose -5*d + j = 22. Calculate the remainder when d is divided by 16.
13
Let g(n) = n**2 - 18*n + 22. Let a(u) = -u + 1. Let r(x) = 4*a(x) - g(x). What is the remainder when 10 is divided by r(12)?
4
Let m(k) = k**3 - 5*k**2 + k + 6. Calculate the remainder when 41 is divided by m(5).
8
Let n be 39 - (-6*1)/3. Let a(b) = -b - 4. Let j be a(-6). Suppose -2*h = -6, -h + n = j*g - 2. What is the remainder when g is divided by 7?
6
Let j(o) = 4*o**2 + 6*o - 1. What is the remainder when j(-3) is divided by 4?
1
Suppose -k = -4*v - 9, -k + 27 = 2*k + 2*v. Calculate the remainder when k is divided by 4.
1
Suppose 3*z = -h + 2, h - 6 = 5*z + 5*h. Suppose 4*d = -5*q + 40, d - 2 = -d + z*q. What is the remainder when d is divided by 2?
1
Let t(f) = -f**2 + 8*f - 7. Let u be 1/4 - (-12)/16. What is the remainder when t(5) is divided by u/3*(12 + 3)?
3
Suppose -2*f + g + 26 = 0, g - 58 = -4*f - 0*g. Calculate the remainder when f is divided by 6.
2
Suppose -4*r - 84 = -0*r. Let s = r - -29. Calculate the remainder when 14 is divided by s.
6
Let u = 14 - 10. Suppose -15 + 5 = -5*w. Calculate the remainder when u is divided by w.
0
What is the remainder when ((-291)/(-6) - 2)*(-2)/(-3) is divided by 8?
7
Suppose 6*g = g + 105. Let o(m) = 4*m**2 + 1. Let y be o(2). Suppose 9 = 3*x + 4*t, -5*x = -t - y - g. Calculate the remainder when 19 is divided by x.
5
Let r = 11 + -9. Suppose 0 = j + r*z - 4 - 7, 0 = -5*j + 4*z + 111. What is the remainder when 73 is divided by j?
16
Let x(u) = u**3 + 11*u**2 + 27*u - 8. Suppose -5*a + 39 = -4*a. Calculate the remainder when a is divided by x(-6).
9
Let y = 147 - 48. Let b = -53 + y. Let s = -17 - -29. Calculate the rem